 factor of j and z.
7
Let m(t) = 16 + 118*t - 24*t - 92*t. Let l be 1*((-2 - -1) + -2). Let v be m(l). Calculate the highest common factor of v and 110.
10
Let z be (-2835)/(-7)*((-6)/(-10) + (-56)/(-140)). What is the greatest common factor of 540 and z?
135
Let c(m) = m**3 + 6*m**2 - m + 11. Let s be c(-6). Let b = s + 18. What is the highest common divisor of b and 21?
7
Suppose 5*t = 4*a - 3042, 84*t = 2*a + 86*t - 1548. What is the greatest common factor of 156 and a?
12
Suppose -3*r + 1698 = 5*c, 48*c - 3*r + 354 = 49*c. Calculate the highest common factor of 3136 and c.
112
Suppose -76 = -3*v + 4*h, -h - 18 = -v + 9. Let l be 48*(21/28 + (-3)/36). Calculate the highest common factor of v and l.
32
Let m = -84 - -84. Suppose 2*w + 3*p + m*p = 1, -2*w = -2*p + 14. Let x be 190 + w + -1 + 2. What is the greatest common divisor of 17 and x?
17
Let f = 1929 - 1908. Let s be (-2692)/(-16) + (-1)/4. Calculate the highest common factor of f and s.
21
Let u = -206 - -184. Let f = 57 + u. What is the greatest common divisor of 63 and f?
7
Let y = 5007 - 5003. Calculate the greatest common factor of 3688 and y.
4
Suppose 4*j - 10 = 14. Let k = -6695 - -6770. Calculate the greatest common factor of j and k.
3
Suppose -3 = -3*v, -3*v - 1509 = 33*a - 34*a. What is the highest common divisor of 216 and a?
216
Let z = 769 - 413. Let w = -291 + z. Let u(x) = x**2 - 3*x - 2. Let v be u(-4). Calculate the highest common factor of w and v.
13
Let f be (-3926)/(-195) + -2 + ((-168)/(-90) - 2). Let n(p) = p**3 + p**2 + 192. Let i be n(0). What is the greatest common divisor of i and f?
6
Suppose 4*s = -1851 - 889. Let o = s - -703. What is the greatest common divisor of o and 621?
9
Suppose 7*d = 19*d - 1560. Let c = 4059 - 4033. What is the highest common divisor of d and c?
26
Let c = -6 - -2. Let h be c + 0 + (-4 - -38). Let p be (3 - (3 - 2)) + 13. What is the highest common divisor of p and h?
15
Let t = -5586 - -5632. Calculate the greatest common divisor of t and 1771.
23
Let c be (9/(-6))/(1/(-2)). Let m = -11827 - -11839. What is the highest common divisor of c and m?
3
Let n be 414/(-12)*2*-741. Suppose -n = 12*i - 51*i. What is the greatest common divisor of 69 and i?
69
Let b(j) = 3*j**3 + 298*j**2 + 98*j + 568. Let o be b(-99). Calculate the highest common factor of o and 2784.
29
Suppose 464 + 712 = 3*t. Suppose 452 = 5*u + t. Calculate the highest common factor of 9 and u.
3
Suppose -3*j = 3, -2*j = -4*g + 107 + 95. Let n = g + -46. Let y be (n - 1)*35/15. What is the greatest common factor of 56 and y?
7
Let h(i) = -i**3 - i**2 + 3*i + 1. Let p be h(-2). Let s = -21 - p. Let o be (s/3)/(27/(-81)). Calculate the highest common factor of o and 160.
20
Suppose -89*t + 162*t = 84*t - 561. Calculate the greatest common divisor of 391 and t.
17
Suppose -l - 4104 + 1203 = -2*x, x - 1455 = 5*l. Suppose 5*s + 4*k = s + 180, 3*s - 3*k - 165 = 0. Calculate the highest common factor of s and x.
50
Suppose 0 = 2*c + 5*d - 67 - 59, -4*d + 332 = 5*c. Calculate the highest common divisor of c and 850.
34
Let p = -286 + 470. Let f(n) = -n + 2. Let s be f(-6). Calculate the greatest common factor of s and p.
8
Let j(c) = -2 + 6*c + 5 - 5*c + 7 + c**3 - 10*c**2. Let x be j(10). Calculate the greatest common divisor of 260 and x.
20
Let f = -25047 + 26490. Calculate the highest common factor of 1369 and f.
37
Let p = -104 + 108. Let w be (24/2)/(p - (-76)/(-20)). Suppose 0 = -2*s - 2*s + w. Calculate the highest common divisor of 60 and s.
15
Let h = -14 + 41. Let b(c) = -4*c**2 + 45*c - 23. Let u be b(10). What is the highest common divisor of h and u?
27
Let l be 2/(-10) - (-5)/(175/(-2933)). Let f = -61 - l. Suppose 0 = -3*r + 525 + 27. Calculate the highest common factor of r and f.
23
Suppose -6*m - 103 = -2*o - m, -3*m = -4*o + 185. Let c = o + -40. Let s(w) = -w - 9. Let p be s(-13). Calculate the highest common factor of c and p.
4
Suppose -2*l - 6*y + y + 91 = 0, 5*l + 3*y - 199 = 0. Suppose 109 + 251 = 2*m + 3*x, m + x - 177 = 0. Calculate the greatest common factor of l and m.
19
Suppose 0 = -23*a - 7*a + 1440. Let t(s) = -3*s + 5. Let v be t(-6). Let x = v - 17. What is the highest common factor of x and a?
6
Let g(t) = t**3 + t**2 + 4. Let f be g(0). Suppose f*p - 144 = -40. Suppose -p = -0*w - 2*w. Calculate the greatest common factor of w and 26.
13
Let b = 7893 - 6954. What is the highest common factor of b and 3?
3
Suppose 4*u - 3*b - 69 = 0, -6*b + 37 = 2*u - 5*b. Let c(q) = q**2 + 9*q + 2. Let p be c(-6). Let h = p + u. What is the greatest common factor of 4 and h?
2
Let h(w) = 19*w + 2847. Let s be h(108). What is the greatest common divisor of s and 276?
69
Let v(u) = -3*u**3 + u + 2. Let h be v(-1). Let l be -2 + 4*(h - 5). Let o(m) = -8*m - 32. Let p be o(l). Calculate the greatest common divisor of p and 8.
8
Suppose 0 = 5*c - 5*f, 5 - 1 = c - 3*f. Let t be 153/6 - 3/c. Suppose 39 = 5*a - 2*y + 4, -2*a + 8 = -2*y. Calculate the highest common divisor of t and a.
9
Suppose -2*t = 24*t - 25925 - 134027. What is the greatest common factor of 8 and t?
8
Let t(r) = r**2 + 20*r + 14. Let p be t(-18). Let f = p + 53. Let k be f/1 + -1*(-5)/(-5). What is the greatest common factor of 240 and k?
30
Suppose 2300 = -11*t + 2509. What is the greatest common factor of 209 and t?
19
Let p(j) = -j**3 + 7*j**2 + j - 5. Let i be p(-5). Let l = -745 + 758. Suppose -i = 3*a - l*a. What is the highest common divisor of 29 and a?
29
Let w(g) = -g**3 + 13*g**2 - 13*g + 15. Let z be w(12). Let a be (-3 - z)*(-12)/((-30)/(-5)). Calculate the greatest common factor of 132 and a.
12
Let j be 206/(-2 - (-4134)/1890 - 6/42). What is the highest common factor of j and 9?
9
Suppose 3*w = 11*w + 384. Let n be (w/(-14))/((-12)/(-112)). What is the greatest common factor of n and 8?
8
Let u be (-5)/3 + (-116)/(-174). Let h(z) = -7*z + 5*z - 36*z + 5*z. Let r be h(u). Calculate the greatest common factor of 3 and r.
3
Let n(x) = x**3 + 3*x**2 + 4*x + 2. Let f be n(-4). Let k be 2 + (-37)/7 + (-38)/(-133). Let p = k - f. Calculate the highest common factor of 9 and p.
9
Let v(q) = q**3 - 28*q**2 - 20*q - 209. Let p be v(29). What is the highest common divisor of 676 and p?
52
Let j be (4 + 0 - 4) + 31. Let q = -23 + j. Suppose 504 = -0*s + 9*s. Calculate the greatest common factor of q and s.
8
Suppose -255 + 642 = 3*o + 5*j, 5*o - 605 = 5*j. Calculate the highest common divisor of o and 28148.
124
Let p be (321/(-1284))/(2/(-6832)). Calculate the highest common factor of 84 and p.
14
Let u = 343 + -101. Let s be u*(2 - (-21)/(-14)). Calculate the highest common divisor of s and 22.
11
Suppose 5*x - 54 = -19. Let w(q) = 4*q**2 - 23*q + 13. Let p be w(x). Calculate the greatest common divisor of p and 60.
12
Let w = 244 - 148. Suppose -33 + w = 7*i. What is the greatest common divisor of 1 and i?
1
Let h(i) = 3*i - 18. Let b be h(7). Suppose 3*o - 3 = b. Suppose 2*x - 5*g = -2*g + 125, 0 = -5*x - o*g + 360. What is the greatest common factor of x and 14?
14
Let z(u) = -2*u**2 - 57*u - 112. Let k be z(-22). What is the highest common factor of 12 and k?
6
Let c = -2 - -5. Let d be 0 - (-68 + -1 + c). Let i(p) = 274*p + 4691. Let m be i(-17). Calculate the highest common divisor of d and m.
33
Let h = -2315 - -2358. What is the greatest common factor of 3139 and h?
43
Suppose 0 = -3*l - 0*l + 48. Suppose 0 = -9*p + 65 + 79. What is the highest common factor of l and p?
16
Let p(u) = -732*u - 931. Let b be p(-3). What is the greatest common divisor of b and 368?
23
Let q = 103 - 67. Let p(x) = -2*x - 41 - 5 - 3*x. Let l be p(-14). What is the greatest common divisor of l and q?
12
Let q = 10647 - 10618. Calculate the greatest common divisor of q and 13369.
29
Let j = 6721 - 6649. Let y(w) = -3*w + 1. Let k be y(-5). What is the greatest common divisor of k and j?
8
Suppose 44*n - 31808 - 265544 = 0. What is the greatest common factor of 434 and n?
62
Let f = -2389 - -2624. What is the highest common divisor of f and 2303?
47
Let u = 1652 + -1571. What is the greatest common divisor of 1107 and u?
27
Let u = 2917 - 2870. What is the greatest common divisor of 14711 and u?
47
Let u(m) = -m**3 + 9*m**2 - 4*m + 13. Let y be u(9). Let x(b) = -4*b - 88. Let l be x(y). What is 